11. Suppose m*c + 2 = -a, a + 18 = 2*a - c. What is the tens digit of a?
1
Let o(j) be the second derivative of j**4/12 + j**3/3 - 3*j**2/2 + 4*j. What is the units digit of o(-4)?
5
Let r(b) = -b**3 - 4*b**2 + 3*b - 5. What is the units digit of r(-5)?
5
Suppose -v + 3*v + 6 = 0. Let j(o) = -o**3 - 2*o**2 + o - 2. Let g be j(v). Suppose g*i - 9 = 3*i. What is the units digit of i?
9
Let f(x) be the first derivative of x**3/3 - 3*x**2 + 5*x - 1. Let i be f(5). What is the units digit of 2 + i + 5 + -1?
6
Suppose 2 = 3*d + 68. Suppose m - 32 = 2*m. Let p = d - m. What is the units digit of p?
0
Let f be 2/10 + 495/25. Suppose -3*o + f = -25. What is the units digit of o?
5
Suppose 4*h = -4*g - 48, -4*g = -0*g - 3*h + 34. Let m = 16 + g. Let a = m - -3. What is the units digit of a?
9
Let n(k) = k**3 - 6*k**2 + k + 1. Let d be 0 + (7 - 2/2). Let p be n(d). Suppose 3*y - p = 5. What is the units digit of y?
4
Let m = -10 - -14. Suppose -8 = -m*v, -4*r + 2*v + 4 = -4. Suppose -r*d + 8*d = 60. What is the tens digit of d?
1
Suppose -11*r + 17*r - 1140 = 0. What is the units digit of r?
0
Let y(v) = -5*v + 20. What is the units digit of y(-11)?
5
Let h be 4 + (0 - (4 + -2)). Suppose w + h*a = 2*w - 19, 0 = 2*w - 3*a - 37. What is the tens digit of w?
1
Let q = 15 + -12. Suppose -4*p + 0*p + 3*f = -q, -2*p + 4*f - 6 = 0. What is the units digit of p?
3
What is the units digit of ((-800)/(-10))/(-1 - -2)?
0
Let p be (5 + 1)/(6/4). What is the tens digit of p/(-6) - (-477)/27?
1
Suppose 38 + 302 = 5*t. What is the tens digit of t?
6
Suppose -3*n - 5*v = n - 155, -2*n - 4*v + 76 = 0. Let y = n + -6. What is the tens digit of y?
3
Suppose -4*o + 2 = g - 17, g + 23 = 3*o. What is the units digit of 57/o - (-3)/2?
1
Suppose -228 - 202 = -2*q. What is the hundreds digit of q?
2
Let z be (56/(-21))/((-1)/3). Let d be 88/14 - (-6)/(-21). Suppose 2*g - d*g = -z. What is the units digit of g?
2
Let u(r) = -r**3 + 7*r**2 + 8*r + 4. Let w be u(8). Suppose -w*m + 4*g = -8, -3*g = m - 6*g + 6. Suppose m = -d + 2*d. What is the units digit of d?
6
Suppose 2*g + 3*g - 365 = 0. What is the tens digit of g?
7
Let u = 4 - 4. Let l = 3 - u. Suppose 0 = -l*z - z + 12. What is the units digit of z?
3
Suppose t = f + 4*f + 2, 5*f = 2*t - 29. What is the tens digit of t?
2
Suppose -74 = -5*o + 96. Suppose l - 3*l + o = 0. Suppose -21 = -3*s - f, l = 3*s + 5*f - 4. What is the units digit of s?
7
Let g(c) be the first derivative of c**4/4 + 4*c**3/3 + 4*c - 2. Let q be g(-4). Suppose 5 + 7 = q*w. What is the units digit of w?
3
Let p = 13 - -6. What is the tens digit of p?
1
Let b = -2 - -18. Suppose 5*p - 12 = r, 23 - 5 = -3*r - 3*p. Let v = b + r. What is the units digit of v?
9
Let j = 5 - 9. What is the tens digit of 272/28 - j/14?
1
Let w(t) = -t + 10. Let d be w(5). Suppose -d*p - 3*f = -114, -2*p + 25 + 14 = -f. What is the tens digit of p?
2
Let m = 96 + -58. Let t = -9 - -12. Suppose m = t*j - j. What is the tens digit of j?
1
Let p be (9/(-3) - -3)/(-1). Suppose m = -p*m + 21. What is the units digit of m?
1
Suppose -5 = q, -84 = -2*b - 2*b + 4*q. What is the tens digit of b?
1
Let t(j) = j**2 - 7*j + 4. Let d(w) = -3*w**2 + 20*w - 11. Let n(b) = 6*d(b) + 17*t(b). Let a be n(0). What is the units digit of (a + -1)/(2/6)?
3
Let u(r) = 3*r. Let h be u(3). Suppose 0 = -q - 2, -2*n + 33 = -q + h. What is the units digit of 64/n - 10/(-55)?
6
Suppose -60 = -m + 4*q, -7*q + 2*q - 62 = -m. What is the units digit of m?
2
What is the tens digit of 80/(-24)*66/(-4)?
5
Suppose 0 = y - 3 - 1. Suppose -2*v - s = -12 + 63, 5*v + 126 = -y*s. Let u = -17 - v. What is the units digit of u?
9
Suppose 2*f = 8 - 14. What is the tens digit of f - (-106)/((-8)/(-4))?
5
Suppose d - 45 = -v, -d = 4*v - 131 - 40. What is the units digit of v?
2
Let x = -5 - -8. Suppose 6 = 5*g - 2*g. Suppose 9 = x*f, g*c - 4*c + f = -7. What is the units digit of c?
5
What is the hundreds digit of (3 - 255)*2/(-4)?
1
Let q be 897/33 + 4/(-22). Suppose -5*s + q = -2*s. What is the units digit of s?
9
Let y(q) = q**2 - 4*q + 2. Let u be y(4). Suppose 25 = 5*l, 0 = 2*c - u*l + 7 - 1. What is the units digit of c?
2
What is the units digit of (-3*(-4)/(-12))/((-1)/66)?
6
Let o(s) = s**2 + 7*s - 8. Let p be o(-8). Suppose 4*l - 128 - 12 = p. What is the units digit of l?
5
Suppose 8*y - 12 = 4*y. What is the units digit of y?
3
Let y be (4/(-10))/((-1)/(-5)). Let i = 2 - y. Suppose -3*a - 45 = -5*q, 0 = -3*q + i*a + 21 + 6. What is the units digit of q?
9
Suppose 4*m + 0 - 8 = 0. What is the tens digit of (-110)/(-6) - m/(-3)?
1
Suppose -17*f = -10*f - 2345. What is the units digit of f?
5
Let t(y) = -y**3 + 7*y**2 - 6*y + 4. Let c be t(6). Let k = c + 17. Suppose -r + k = 3*a - 0*a, -5*a = r - 29. What is the units digit of r?
9
Let d = -52 + 87. What is the units digit of d?
5
What is the hundreds digit of 11*(-5)/(-10)*(25 - -1)?
1
Suppose 16 + 20 = 4*k. Let o = 0 - 0. Let z = k - o. What is the units digit of z?
9
Let s = -77 + 81. Let d be 13/3 - 2/6. Suppose -2*t = 2*t - d*h - 80, 3*t - s*h - 65 = 0. What is the tens digit of t?
1
Suppose -2*t - 3*d = -479 + 43, 5*t + 3*d - 1108 = 0. What is the units digit of t?
4
Let o = 58 - 36. What is the units digit of o?
2
Suppose 0 = v - 5 + 2. Suppose -v*s + 13 = -2*s. What is the tens digit of s?
1
Suppose -206 = -11*u + 10*u. What is the tens digit of u?
0
Suppose 22 + 3 = 5*r. Suppose 0 = -j + h + 17, r*h - 2*h + 68 = 4*j. What is the tens digit of j?
1
What is the units digit of (-1642)/(-18) - 14/63?
1
Let o be (4 - 0 - 4)*1. Suppose d = -5*u + 70, -2*d + 0*d + 3*u + 75 = o. What is the units digit of d?
5
Let l(c) = 3*c + 4. Let g(p) = 3 + 0 - 1 + p. Let f(i) = 5*g(i) - 2*l(i). What is the units digit of f(-4)?
6
Suppose 0 = 2*f - m - 6, 3*f + 4*m - 28 = -2*f. Let q(d) = d**2 - 3*d + 3. What is the units digit of q(f)?
7
What is the units digit of (7 - (-3 - -6)) + 36?
0
Let a(d) = -3*d - 2*d - 2*d. What is the tens digit of a(-2)?
1
Suppose -2*w + 0*w - 3*q + 7 = 0, -2*q + 13 = 3*w. Let t = 25 - w. What is the tens digit of t?
2
Suppose 5*k + 5*p = 165, 0 = -3*k + 2*p + 2*p + 99. What is the units digit of k?
3
Let z = -7 + -8. What is the units digit of (-37)/(-3) - 10/z?
3
Let u be 2/(-3) + 2/3. Suppose u*x - 6 = -2*x. Suppose x*o + 21 = 48. What is the units digit of o?
9
Suppose a = 3*a + x - 9, -3*a - 5*x = -31. Suppose a*b + 8 = m, 2*m - 4*b = -2*b + 20. What is the units digit of m?
2
Let y(u) = -u + 9. Let l be -1*(-3)/((-12)/32). What is the tens digit of y(l)?
1
Suppose -15*o = -12*o - 27. What is the units digit of o?
9
Suppose 231 + 141 = 4*h. What is the tens digit of h?
9
Let g = -84 - -185. What is the hundreds digit of g?
1
Let m be 1 - (-10 + 1) - -2. Let y be -2*1 - m/(-2). Let b = y - 2. What is the units digit of b?
2
Let r be 16/(-10) + (-2)/5. Let p(w) be the second derivative of w**4/3 + w**3/2 + 4*w. What is the tens digit of p(r)?
1
Let v = 85 + -57. What is the tens digit of v?
2
Suppose 4*t - 11 = 57. Suppose t = 2*q - 55. Suppose k + 32 = -0*m + 3*m, -2*m + q = 3*k. What is the tens digit of m?
1
Let m = 2 + -8. Let x be (-4)/m*(-108)/(-6). Suppose -x = -t - 5. What is the units digit of t?
7
Let r(x) = x**3 + 2. Suppose 4*i + 2*y - 2 = 0, 4*y + 4 - 8 = -4*i. Let s be r(i). Suppose 3*p + 4*b - 36 = 0, 12 = s*p - p - 5*b. What is the tens digit of p?
1
Let f = 392 + -215. What is the hundreds digit of f?
1
What is the units digit of 2301/6 - (-9)/6?
5
Let b = 6 + -5. Suppose 4*n + 17 - 1 = 0. What is the units digit of (-12)/9*(n + b)?
4
Suppose c = 0, 5*c = 4*p - 110 - 382. What is the hundreds digit of p?
1
Let j be (6/4)/((-3)/6). What is the units digit of 2/j*(-5 + 2)?
2
Let w(c) = 7*c - 11. Let j(a) = -8*a + 11. Let q(g) = -6*j(g) - 7*w(g). What is the tens digit of q(-10)?
2
Suppose 0 = 46*v - 41*v - 985. What is the tens digit of v?
9
Suppose 24 = -m + 153. What is the tens digit of m?
2
Suppose -d + 4*d + j - 256 = 0, -170 = -2*d - j. What is the tens digit of d?
8
Let h be 33/7 + (-2)/(-7). Suppose -h = 3*k - 2*k. Let z = k + 8. What is the units digit of z?
3
Suppose 0 = 4*s - 2*h - 1 - 7, -8 = -4*s + 4*h. Let p = -21 + 23. Suppose -p*b = s*b - 56. What is the units digit of b?
4
Suppose 6*w - 2*w = 196. What is t